n base 6, what is -32033 - 250?
-32323
In base 7, what is -3624 + -15?
-3642
In base 6, what is 11420423 - -3?
11420430
In base 11, what is -2 + -9304?
-9306
In base 11, what is 290 - -582?
862
In base 5, what is 1341 + 122?
2013
In base 5, what is 2 - -11123204?
11123211
In base 4, what is -31313 - 3311?
-101230
In base 15, what is -16b - 5ea?
-766
In base 10, what is 8 + -1304?
-1296
In base 11, what is a49 + a26?
1974
In base 2, what is 0 + -110010101000000?
-110010101000000
In base 13, what is -50b80 + 12?
-50b6b
In base 15, what is 5 - -14171?
14176
In base 4, what is -112010 + -11121?
-123131
In base 5, what is 24131334 - -10?
24131344
In base 12, what is 7341 + 6b?
73b0
In base 6, what is -2502401 - 10?
-2502411
In base 11, what is -6a3 + 5a5?
-a9
In base 5, what is -3 + -31044?
-31102
In base 4, what is 1120322330 + 3?
1120322333
In base 14, what is 23 - -9503?
9526
In base 10, what is -2 + 21722?
21720
In base 7, what is -21600535 + 0?
-21600535
In base 15, what is -47a8 + -31?
-47d9
In base 12, what is 4 + 49692?
49696
In base 6, what is -15 + -2201113?
-2201132
In base 16, what is -1 - -766b?
766a
In base 11, what is -2 - -100aa4?
100aa2
In base 5, what is 1 + -322144?
-322143
In base 10, what is 58 - 1775?
-1717
In base 4, what is -101 + -332222222?
-332222323
In base 9, what is -3 - 1531?
-1534
In base 6, what is -412121 - -3?
-412114
In base 7, what is 40 - 234?
-164
In base 2, what is 1011 + 101100001001110?
101100001011001
In base 4, what is -100 - 232200?
-232300
In base 9, what is -1 - -1275007?
1275006
In base 16, what is 3 + -10dcc5?
-10dcc2
In base 5, what is 10323 + 2221?
13044
In base 15, what is 737e + 2?
7381
In base 13, what is 1bba + 5?
1bc2
In base 13, what is 682 - -49?
6cb
In base 5, what is -22 + -12443404?
-12443431
In base 11, what is 87847 + 3?
8784a
In base 3, what is -10021122100 + 1?
-10021122022
In base 13, what is 278c + -10?
277c
In base 14, what is -676c + 3?
-6769
In base 10, what is -194772 + 1?
-194771
In base 12, what is -1 + -20a1b4?
-20a1b5
In base 15, what is -7ba6 - -4?
-7ba2
In base 3, what is 1020011 - 1022?
1011212
In base 3, what is -20201111220 + 10?
-20201111210
In base 7, what is -11121155 - 5?
-11121163
In base 11, what is 991283 - -3?
991286
In base 2, what is 1010111111000 + 10010000?
1011010001000
In base 16, what is 6 - -fe?
104
In base 11, what is 5 - 6a35?
-6a30
In base 14, what is -3 - 3cc5?
-3cc8
In base 6, what is 23 + 10450032?
10450055
In base 13, what is -828b - -88?
-8203
In base 5, what is 12 - -322244?
322311
In base 6, what is -104222235 - 3?
-104222242
In base 12, what is 3 - -6a359?
6a360
In base 12, what is -1750 + -38?
-1788
In base 16, what is -2fc6d - -5?
-2fc68
In base 13, what is -3 + -9872?
-9875
In base 2, what is 0 + -1001111010?
-1001111010
In base 6, what is -23530 + -2515?
-30445
In base 14, what is -18719c2 - -4?
-18719bc
In base 8, what is 65 - -42?
127
In base 12, what is -19b + 1019?
a3a
In base 12, what is 2 - -58b8?
58ba
In base 6, what is -242340 - -5?
-242331
In base 15, what is -1 + 56d86?
56d85
In base 13, what is -1c5 - 6bc?
-8b4
In base 9, what is -26 + -2873?
-3010
In base 8, what is 1002316 + 2?
1002320
In base 9, what is 20882677 - 2?
20882675
In base 12, what is 2597 - 11?
2586
In base 4, what is -2013330003 - -20?
-2013323323
In base 15, what is -82b7 + e2?
-81c5
In base 8, what is -160572 + -12?
-160604
In base 6, what is -12 - 11023542?
-11023554
In base 16, what is -1d + 5c9?
5ac
In base 9, what is -5006 + 21?
-4875
In base 10, what is -1 + 5597?
5596
In base 6, what is -4350 - -214?
-4132
In base 9, what is 35 + -11102?
-11056
In base 4, what is 10003233221 - -11?
10003233232
In base 12, what is -4 + -7b50?
-7b54
In base 5, what is 1012040114 + -4?
1012040110
In base 12, what is -a - 6178?
-6186
In base 16, what is -187fe7 + 2?
-187fe5
In base 9, what is -1424 + -166?
-1601
In base 9, what is -1 + -675324?
-675325
In base 9, what is -10 + 527?
517
In base 13, what is 96c - -50?
9bc
In base 9, what is 27 - 745?
-717
In base 13, what is -a - -1750?
1743
In base 9, what is 804468 + 5?
804474
In base 3, what is 1 - -102201?
102202
In base 5, what is -1032234 + -443?
-1033232
In base 15, what is -5 - -8a41?
8a3b
In base 10, what is 27010 + 1?
27011
In base 13, what is -53 + -2156?
-21a9
In base 3, what is 11 + 2112210?
2112221
In base 13, what is 2 + -116b4?
-116b2
In base 6, what is -3344550 + -4?
-3344554
In base 7, what is -235511 + 0?
-235511
In base 8, what is 1 + 17010?
17011
In base 5, what is -2422 + -2004?
-4431
In base 3, what is -10 + 11012112?
11012102
In base 2, what is -11100000100001 - 110100?
-11100001010101
In base 7, what is 563 + 132223?
133116
In base 2, what is 1000010101111110 + 100?
1000010110000010
In base 8, what is -5 - -24434?
24427
In base 7, what is -34 - -1266626?
1266562
In base 7, what is 3 + 652421?
652424
In base 10, what is 225 + -689?
-464
In base 9, what is 71 + 21420?
21501
In base 16, what is 1 - -1dcdc?
1dcdd
In base 12, what is -687 + -1?
-688
In base 3, what is 1100211111 - 111?
1100211000
In base 11, what is -219a + -65?
-2254
In base 12, what is 119 - 10?
109
In base 2, what is 1110111111 - -110101000?
10101100111
In base 15, what is -25506 - -2?
-25504
In base 4, what is 11233 + 111000?
122233
In base 14, what is -cab95c - -3?
-cab959
In base 10, what is 0 + 248561?
248561
In base 5, what is 10331321 + -4?
10331312
In base 12, what is 14729 + -8?
14721
In base 5, what is 332344 + -114?
332230
In base 10, what is -39596 + -4?
-39600
In base 3, what is -10 - -12210111?
12210101
In base 6, what is -130 + 103?
-23
In base 16, what is -76 - -9ca8?
9c32
In base 15, what is -1 - 196518?
-196519
In base 7, what is -12 + -340?
-352
In base 3, what is -2 - -20221002?
20221000
In base 13, what is -1 - 34b2?
-34b3
In base 6, what is 1323 - -15?
1342
In base 11, what is 17 + 2887a?
28896
In base 15, what is -2 - -c01?
bee
In base 8, what is 13164123 - 2?
13164121
In base 6, what is -3432213 + 5?
-3432204
In base 6, what is -1011520 - 41?
-1012001
In base 9, what is -61 + 5125?
5054
In base 16, what is -5b8c + -2?
-5b8e
In base 7, what is -246623 - 5?
-246631
In base 3, what is 2012110021 - -222?
2012111020
In base 3, what is 1001000021 + -12?
1001000002
In base 7, what is 20 - -163015?
163035
In base 5, what is 312210 + -2?
312203
In base 3, what is -12000021 + 20?
-12000001
In base 12, what is -2 - a16b4?
-a16b6
In base 13, what is a + a359?
a366
In base 10, what is 620 + 1465?
2085
In base 3, what is -1100220 - 1?
-1100221
In base 15, what is -9d9415 + -2?
-9d9417
In base 15, what is 1e66d3 + -2?
1e66d1
In base 14, what is -8c + 4001?
3d53
In base 9, what is -117 - -18?
-88
In base 8, what is -3127 - 10?
-3137
In base 13, what is 1438 + 18?
1453
In base 6, what is -4 - 5014?
-5022
In base 5, what is 3024402 + -113?
3024234
In base 6, what is 4 - 20220?
-20212
In base 12, what is -1 - -b4529?
b4528
In base 15, what is 3 + -39a29?
-39a26
In base 13, what is -45691a - -1?
-456919
In base 12, what is -12 - -513?
501
In base 3, what is 101021120022 + -21?
101021120001
In base 16, what is -153c + 11?
-152b
In base 8, what is 310340 + 10?
310350
In base 6, what is -32503524 + -3?
-32503531
In base 9, what is -3 - -15767?
15764
In base 4, what is 2312 - 11323?
-3011
In base 10, what is -3008 + -13?
-3021
In base 13, what is -12a6b + 1?
-12a6a
In base 16, what is da18 - 27?
d9f1
In base 4, what is 120200213302 - 1?
120200213301
In base 3, what is 1011211 + -10021?
1001120
In base 2, what is -100111101 + 101000100?
111
In base 10, what is 4 - 55264?
-55260
In base 14, what is -80481 - 4?
-80485
In base 7, what is 11560 + -30?
11530
In base 12, what is 7602 + -1b?
75a3
In base 14, what is -9d1 + 17?
-9b8
In base 5, what is 21020 - 13?
21002
In base 15, what is -131 + -8d?
-1be
In base 16, what is 3 - 125?
-122
In base 8, what is -36352 - 2?
-36354
In base 9, what is -111 + -1220?
-1331
In base 8, what is 500 + 105?
605
In base 5, what is 1 + 2203423?
2203424
In base 8, what is 103 - -2726?
3031
In base 9, what is 2 - 442164?
-442162
In base 3, what is -110011100101 - 1?
-110011100102
In base 12, what is a7545 - 3?
a7542
In base 7, what is -2 + 10330?
10325
In base 3, what is -101 + -202202021?
-202202122
In base 3,